
1
What is the thousands digit of 62875?
2
What is the hundreds digit of 194323?
3
What is the ten thousands digit of 8250756?
5
What is the hundred thousands digit of 4521373?
5
What is the tens digit of 833333?
3
What is the tens digit of 2569651?
5
What is the hundred thousands digit of 15945751?
9
What is the ten thousands digit of 153436?
5
What is the hundred thousands digit of 20237863?
2
What is the thousands digit of 891886?
1
What is the hundred thousands digit of 14981429?
9
What is the units digit of 22444804?
4
What is the units digit of 515117?
7
What is the ten thousands digit of 704709?
0
What is the ten thousands digit of 1700488?
0
What is the ten thousands digit of 1803088?
0
What is the hundreds digit of 1078385?
3
What is the hundred thousands digit of 219962?
2
What is the thousands digit of 34305922?
5
What is the units digit of 6562452?
2
What is the tens digit of 50796?
9
What is the units digit of 609926?
6
What is the tens digit of 864?
6
What is the thousands digit of 1203122?
3
What is the ten thousands digit of 74502?
7
What is the ten thousands digit of 21293476?
9
What is the thousands digit of 1613072?
3
What is the tens digit of 317382?
8
What is the tens digit of 812939?
3
What is the units digit of 266079?
9
What is the thousands digit of 315231?
5
What is the ten thousands digit of 91135?
9
What is the units digit of 13271793?
3
What is the hundreds digit of 151180?
1
What is the thousands digit of 4474175?
4
What is the thousands digit of 5425379?
5
What is the millions digit of 14556969?
4
What is the thousands digit of 196012?
6
What is the thousands digit of 231389?
1
What is the units digit of 9160?
0
What is the units digit of 17420326?
6
What is the units digit of 1226793?
3
What is the tens digit of 3961862?
6
What is the ten thousands digit of 68704?
6
What is the hundreds digit of 18798?
7
What is the hundred thousands digit of 2412997?
4
What is the ten thousands digit of 2466127?
6
What is the thousands digit of 376694?
6
What is the tens digit of 332711?
1
What is the hundreds digit of 3560075?
0
What is the thousands digit of 10705430?
5
What is the tens digit of 897828?
2
What is the ten thousands digit of 40547?
4
What is the millions digit of 3506185?
3
What is the hundreds digit of 798867?
8
What is the ten thousands digit of 703136?
0
What is the ten thousands digit of 454896?
5
What is the hundreds digit of 1536769?
7
What is the units digit of 7848?
8
What is the millions digit of 28208802?
8
What is the units digit of 769075?
5
What is the units digit of 5034244?
4
What is the ten thousands digit of 15012795?
1
What is the tens digit of 15652017?
1
What is the units digit of 21890612?
2
What is the thousands digit of 2419825?
9
What is the units digit of 13896523?
3
What is the tens digit of 3125027?
2
What is the thousands digit of 887503?
7
What is the hundreds digit of 695410?
4
What is the millions digit of 9805590?
9
What is the ten thousands digit of 1811708?
1
What is the hundreds digit of 9561151?
1
What is the thousands digit of 6771307?
1
What is the hundred thousands digit of 25214415?
2
What is the ten thousands digit of 19913331?
1
What is the thousands digit of 1523173?
3
What is the thousands digit of 973499?
3
What is the hundreds digit of 259019?
0
What is the ten millions digit of 14148217?
1
What is the hundreds digit of 1311893?
8
What is the thousands digit of 117068?
7
What is the thousands digit of 209477?
9
What is the hundred thousands digit of 2394647?
3
What is the hundreds digit of 5425717?
7
What is the ten thousands digit of 1513224?
1
What is the thousands digit of 141625?
1
What is the ten thousands digit of 81022?
8
What is the ten thousands digit of 902919?
0
What is the millions digit of 1324110?
1
What is the tens digit of 261334?
3
What is the hundreds digit of 138405?
4
What is the hundreds digit of 1322670?
6
What is the hundred thousands digit of 492475?
4
What is the tens digit of 1667920?
2
What is the units digit of 5286456?
6
What is the thousands digit of 342645?
2
What is the tens digit of 1864718?
1
What is the hundreds digit of 9584?
5
What is the ten thousands digit of 775761?
7
What is the hundred thousands digit of 133093?
1
What is the ten thousands digit of 311355?
1
What is the hundred thousands digit of 453423?
4
What is the thousands digit of 11487629?
7
What is the hundred thousands digit of 623432?
6
What is the units digit of 16552883?
3
What is the ten thousands digit of 1500723?
0
What is the hundred thousands digit of 550146?
5
What is the thousands digit of 20856313?
6
What is the thousands digit of 985100?
5
What is the hundreds digit of 43547?
5
What is the thousands digit of 884867?
4
What is the ten thousands digit of 652895?
5
What is the tens digit of 1501041?
4
What is the tens digit of 435039?
3
What is the units digit of 2002132?
2
What is the units digit of 278064?
4
What is the millions digit of 11848968?
1
What is the thousands digit of 3287219?
7
What is the hundreds digit of 5421847?
8
What is the thousands digit of 7990164?
0
What is the thousands digit of 71119?
1
What is the hundred thousands digit of 3645662?
6
What is the hundred thousands digit of 5795280?
7
What is the hundred thousands digit of 4862703?
8
What is the thousands digit of 9426733?
6
What is the hundreds digit of 1955142?
1
What is the hundred thousands digit of 4448488?
4
What is the units digit of 414051?
1
What is the ten thousands digit of 240205?
4
What is the thousands digit of 2511578?
1
What is the thousands digit of 1343894?
3
What is the hundreds digit of 757078?
0
What is the hundred thousands digit of 249928?
2
What is the millions digit of 8949240?
8
What is the units digit of 2968811?
1
What is the thousands digit of 14997548?
7
What is the tens digit of 174561?
6
What is the units digit of 70863?
3
What is the thousands digit of 525107?
5
What is the ten thousands digit of 71755?
7
What is the thousands digit of 1608923?
8
What is the hundred thousands digit of 722015?
7
What is the millions digit of 4324228?
4
What is the thousands digit of 199804?
9
What is the hundreds digit of 787765?
7
What is the hundreds digit of 3427178?
1
What is the thousands digit of 5075718?
5
What is the tens digit of 1552177?
7
What is the tens digit of 21213?
1
What is the tens digit of 18470003?
0
What is the thousands digit of 1306959?
6
What is the units digit of 3582483?
3
What is the millions digit of 13354275?
3
What is the thousands digit of 258677?
8
What is the millions digit of 12538220?
2
What is the ten thousands digit of 261565?
6
What is the hundred thousands digit of 12972071?
9
What is the tens digit of 44401?
0
What is the tens digit of 26950698?
9
What is the units digit of 27761161?
1
What is the thousands digit of 71250?
1
What is the hundred thousands digit of 324322?
3
What is the units digit of 547525?
5
What is the tens digit of 737294?
9
What is the tens digit of 809673?
7
What is the tens digit of 3659380?
8
What is the hundreds digit of 2083966?
9
What is the hundreds digit of 203338?
3
What is the units digit of 15807?
7
What is the thousands digit of 404922?
4
What is the hundreds digit of 143270?
2
What is the tens digit of 49773?
7
What is the hundreds digit of 3609257?
2
What is the hundred thousands digit of 163996?
1
What is the tens digit of 65077?
7
What is the ten thousands digit of 492733?
9
What is the units digit of 11445?
5
What is the units digit of 101439?
9
What is the thousands digit of 187649?
7
What is the tens digit of 5933690?
9
What is the hundreds digit of 454657?
6
What is the hundred thousands digit of 521039?
5
What is the ten thousands digit of 4314050?
1
What is the tens digit of 8847648?
4
What is the ten thousands digit of 2322639?
2
What is the units digit of 3543430?
0
What is the hundreds digit of 473667?
6
What is the hundred thousands digit of 108596?
1
What is the hundreds digit of 2286960?
9
What is the ten millions digit of 15958323?
1
What is the thousands digit of 1111305?
1
What is the tens digit of 14723004?
0
What is the ten thousands digit of 3772339?
7
What is the units digit of 36211?
1
What is the millions digit of 2306861?
2
What is the ten thousands digit of 1685